- 5*m. Let u = m - 12. Suppose u = -2*h + 54. List the prime factors of h.
2, 5
List the prime factors of ((-89)/4)/((-5)/(1 - -19)).
89
Let w(m) = -m**3 + 2*m**2 + m + 1. Let j be w(2). Suppose 1 = j*x - 5. Let y = 7 - x. List the prime factors of y.
5
Suppose 2*o - 3*o + 122 = 2*z, o = 4*z + 146. What are the prime factors of o?
2, 5, 13
Suppose 2*n + 0*n + 4 = 0, -3*n - 31 = -5*p. Let o(r) = -3 - 1 - r**2 - p + 8*r. List the prime factors of o(6).
3
Let x(v) = -9*v. Let n be x(-1). Let p = 15 - n. Suppose 2*t - p + 2 = 0. What are the prime factors of t?
2
Let c be 2/(-4)*-7*2. Suppose -3*k = -c - 2. Suppose 5 + k = 4*l. List the prime factors of l.
2
Suppose -3*c + 4*c - 24 = 4*v, -v = 2*c - 12. List the prime factors of c.
2
Let r(p) = p**3 + p + 1. Let v(x) = -2*x**3 - 6*x**2 - 2*x + 3. Let q(o) = -r(o) - v(o). What are the prime factors of q(-4)?
2, 3
Let z(d) = d**2 + 3*d + 2. Let l be z(-2). Suppose -2*r + p + 54 = 0, -5*r + l*r + 157 = 3*p. List the prime factors of r.
29
Suppose 24 = 4*v - 3*v. What are the prime factors of v?
2, 3
Let a be (2/(-5))/((-3)/15). Suppose -a*k - 2*k = -24. Suppose -56 = -4*t + 3*y, -5*t + 35 = -y + k*y. List the prime factors of t.
11
Let n = -49 + 120. What are the prime factors of n?
71
What are the prime factors of (329/28)/(0 - 3/(-36))?
3, 47
Let k(v) = -7*v**3 + 6*v**3 + 8*v - v + 5 + 5*v**2. What are the prime factors of k(6)?
11
Let t(p) be the first derivative of -p**4/4 - 4*p**3/3 - 3*p**2/2 - 2*p - 1. Let u be t(-4). Suppose g - u = -0*g. List the prime factors of g.
2, 5
Let f(m) be the first derivative of m**2/2 + 17*m + 6. What are the prime factors of f(-15)?
2
Let z be (2/(-6))/(3/(-27)). Suppose 2*i = -z*m + 9, 0*m = -m - i + 2. What are the prime factors of m?
5
Let s = 6 - 3. Suppose -s*u = -4*u + 4*x + 21, -4*u = -x - 24. What are the prime factors of u?
5
Let n(y) be the second derivative of -y**5/10 - y**4/3 + y**3/6 + y**2/2 + y. Let x be n(-3). Let z = x - 6. What are the prime factors of z?
2, 5
Let i = 7 + -20. Let r = i + 27. What are the prime factors of r?
2, 7
Let n(w) = -9*w + 6. List the prime factors of n(-6).
2, 3, 5
Suppose 4*u + 4*p = -16, -p + 10 = -5*u - 4*p. Let l = 7 - 11. What are the prime factors of 2*((-6)/l)/u?
3
Suppose -14 + 54 = 4*n. Let l = -17 + n. Let d(t) = t + 10. List the prime factors of d(l).
3
Let k be (-220)/(-4) + 0 + -1. Let j = -29 + k. Suppose 5*l + j = 10*l. List the prime factors of l.
5
Let s(c) = -7*c + 2 - c**2 + 4*c**2 + 1 - 4*c**2. List the prime factors of s(-7).
3
What are the prime factors of (-5 + -1 - (-4)/6)*-24?
2
Let d = 36 - 13. Suppose d = -5*g + 6*g. What are the prime factors of g?
23
Suppose 2*m + 10 = 5*b - 50, 2*m + 30 = 2*b. Let k = b - -3. List the prime factors of k.
13
Suppose w - 1 = 5. Suppose -w*t + 8*t = 50. What are the prime factors of t?
5
Let d be (1 - 3)*153/(-6). Suppose -3*p - d = -f, 3*f - 2*p = f + 86. What are the prime factors of f?
3, 13
Suppose -c - 2*c + 24 = 0. Suppose -c = 4*y - 36. List the prime factors of y.
7
Let b = 352 - 171. List the prime factors of b.
181
Let z be 1123/9 - 32/(-144). Suppose -3*f + z = -28. What are the prime factors of f?
3, 17
Suppose 2*z - 2*u = 44, 4*u = -2*z + 71 - 15. Suppose -j = -1 - 3. Suppose j*n = n + z. What are the prime factors of n?
2
Let l(m) = -m**3 + 17*m**2 - 34*m - 12. List the prime factors of l(14).
2, 5
Let j(z) = -z**3 - 2*z**2 + 6*z + 1. Let s be j(-4). Let v(b) = -b**3 + 8*b**2 + 10*b + 6. List the prime factors of v(s).
3, 5
Suppose 4*w = -35 + 151. Let j = w + -8. List the prime factors of j.
3, 7
What are the prime factors of (-295)/(-10) + 1/2?
2, 3, 5
List the prime factors of 49 + 1/2*0.
7
What are the prime factors of 0/3 - -20*4?
2, 5
Suppose 5*g - 5*q = -20, 4*q = -g + 2*q + 8. Let b(w) = g*w - 3*w + 8 + 4*w. What are the prime factors of b(-6)?
2
Let f(h) = h - 3 - 5*h - h**2 + 2*h + 0*h - 2*h**3. What are the prime factors of f(-2)?
13
Let o be (2*-1 - 2)/(-2). Suppose -5*c = 5*r - 105, -2*c = 3*r - 65 + 19. Let f = c - o. List the prime factors of f.
3, 5
Let p(n) = 3*n**2 + n + 2. Let j be p(-1). Suppose 0 = 3*d - 5*w - j - 7, 2*w - 4 = -3*d. What are the prime factors of d?
2
Let z = -10 + -2. Let g = -9 - z. Suppose g*i - 6*i = -51. List the prime factors of i.
17
Let m(w) = w + 12. Let v be m(-12). Suppose 0*d = -3*d + 165. Suppose 0*i + 3*i + 12 = v, -3*k - 2*i + d = 0. List the prime factors of k.
3, 7
List the prime factors of (2/(-6))/((-17)/18717).
367
Let g = -11 - -19. List the prime factors of g.
2
Let y(f) = 3*f**2 + f + 1. Let x be (-28)/20 - 2/(-5). Let b be y(x). Suppose b*a - 2*c + 2 - 12 = 0, 5*a + 3*c = 42. List the prime factors of a.
2, 3
Suppose -3*b = -4*b + 1. Suppose -2*u + 27 = 5*n, 3*n + b = 4*n - 4*u. List the prime factors of n.
5
What are the prime factors of 2*((-2)/(-8) + (-609)/(-12))?
2, 3, 17
Let c = 8 + 324. List the prime factors of c.
2, 83
Let b(z) = z**3 + 6*z**2 - 3*z + 4. What are the prime factors of b(-6)?
2, 11
Let i(a) be the first derivative of -3*a**2/2 - 15*a + 5. List the prime factors of i(-6).
3
Let j = 44 - 23. Suppose j = -0*h + h. List the prime factors of h.
3, 7
Suppose -5*j + 1218 = -102. List the prime factors of j/26 + 6/(-39).
2, 5
Let r(f) = f + 11. Suppose -4*p = 15 - 3. Let q be ((-3)/p - 5)*2. What are the prime factors of r(q)?
3
Let d be (1/(-3))/((-5)/(-15)). Let o = d - -1. Suppose o = 3*i - 4*i - 5*s + 13, 3*s = 5*i - 65. What are the prime factors of i?
13
Let o be 20/(-6) + 6/(-9). Let j = -2 - o. Suppose -j*a = 2*c + a - 22, 0 = -a + 2. List the prime factors of c.
2
Suppose -4*q - 3*j = -194, 2*q + 0*q + 3*j = 94. What are the prime factors of q?
2, 5
Let s = -8 - -15. Let l = s + -5. Suppose -5*g - t + 3*t = -68, l*g - 2*t - 32 = 0. What are the prime factors of g?
2, 3
Suppose i - 7 + 1 = -2*d, -i = 4*d - 10. Suppose -v + w + 17 = 0, 2*v - 12 - 2 = -d*w. Suppose -5*u + v = -13. What are the prime factors of u?
5
Let f = -127 - -180. List the prime factors of f.
53
Let x(p) = p**2 + 13*p - 8. List the prime factors of x(6).
2, 53
Let n = -7 - -17. Let w = n + 2. List the prime factors of 0 + (w - 2) + -3.
7
Let u = -1 + -5. Let m be (-10 - -2)/((-4)/u). Let k = m - -20. What are the prime factors of k?
2
Suppose -3*x - 3*k - 42 = -x, -18 = 2*x - 3*k. Let p = -6 - x. What are the prime factors of p?
3
Let i = 5 - 5. Suppose i = 2*f - 6 - 50. What are the prime factors of f?
2, 7
Suppose 2*n - 4*c - 252 = 0, -4*c + 2*c - 486 = -4*n. List the prime factors of n.
2, 3, 5
Let d(j) be the first derivative of j**4/4 - 5*j**3/3 + j**2/2 + 7*j + 3. What are the prime factors of d(5)?
2, 3
Let d = -1 + 5. Suppose -g = d*i + 19, 2*g = -2*i + 4*i + 12. List the prime factors of g/(64/(-22) + 3).
11
Let z = -1 - -29. Let g = z - 8. Suppose -d + 3*h = d + 6, -4*d - 2*h = -g. What are the prime factors of d?
3
What are the prime factors of ((5 - -14) + -5)/(3/21)?
2, 7
Suppose 3*d + p + 0 = 33, -24 = -3*d - 4*p. Suppose 0*b = -3*b - d, -4*c - 4*b - 12 = 0. What are the prime factors of -3 - (15*-1 + c)?
11
Let r be (-4 + 1)*(-3 + 2). List the prime factors of r/(-4) - (-76)/16.
2
Suppose 2*i = 4*k - 6, -k + 8*i = 3*i + 3. What are the prime factors of 712/24 - k/(-6)?
2, 3, 5
What are the prime factors of 22/(-55)*(-180)/2?
2, 3
What are the prime factors of -111*1*(-10)/15?
2, 37
Suppose 0 = -2*m + 4 + 2. Suppose 2*n + 0*r + 3*r + 9 = 0, 5*r + 15 = 2*n. Suppose -m*v = -n*v - 21. What are the prime factors of v?
7
Let b(t) be the second derivative of t**3/3 + 5*t**2/2 - 5*t. Let i be b(4). Let j = 19 - i. List the prime factors of j.
2, 3
Let c(z) be the third derivative of z**5/60 + z**4/8 - z**3 + 6*z**2. What are the prime factors of c(-7)?
2, 11
What are the prime factors of 2/((-12)/(-2418)) + (-1)/1?
2, 3, 67
Let x = -149 - -248. List the prime factors of x.
3, 11
Suppose -5*q = -10 + 55. Let f be (2 - 1)/((-3)/q). Suppose f = -3*o + 4*w - 3, 2*w = -4*o + 14. List the prime factors of o.
2
Suppose -723 = -12*h + 657. List the prime factors of h.
5, 23
Suppose k = 3*l + 18 + 29, -3*l = -3*k + 147. List the prime factors of k.
2, 5
Let t(x) = -x**2 - 2*x + 41. List the prime factors of t(0).
41
Suppose 0 = -6*o + 9*o - 57. List the prime factors of o.
19
Let n(f) = -